1 = 18*r. Calculate the greatest common divisor of 5 and r.
5
Let o be 3/7 + (-1377)/(-42)*2. Calculate the highest common factor of o and 330.
66
Let q = 305 - 157. What is the highest common factor of 8 and q?
4
Let y(p) = p**2 - 3*p + 6. Let x = 61 - 68. Let d be y(x). What is the highest common divisor of 19 and d?
19
Let y(z) = 122 + z**3 - 11*z + 10*z**2 - 57 - 56. Let n be y(-11). Let h be (-2)/12 - (-37)/6. What is the greatest common factor of n and h?
3
Let w(h) = -44*h - 11. Let z be w(-2). Suppose -20 = 5*x, 2*t = -t - 3*x + 9. What is the highest common factor of z and t?
7
Let i be 3/6*(-26)/(-13). Let k be 35 + (-3 + 1)*i. Calculate the greatest common divisor of 22 and k.
11
Let w be 365/25 - (2/(-5) + 0). Suppose -w*m = -6*m - 144. What is the greatest common factor of m and 144?
16
Let t(v) = v**3 + 4*v**2 - 36*v - 11. Let p be t(-8). What is the highest common factor of p and 7?
7
Let n(x) = -6*x**2 - 45*x + 4. Let a be n(-7). What is the greatest common factor of 9 and a?
1
Let i(n) = -10*n + 17. Let m(f) = -f + 1. Let g(d) = -i(d) + m(d). Let k be g(12). Let l = 162 - k. Calculate the highest common factor of 10 and l.
10
Suppose -5*q + 4*z + 8 = 0, 0*z + 14 = 5*q - 2*z. Suppose -q*f = 3*p - 633, -3*f - 4*p + 551 = 85. What is the highest common factor of 18 and f?
18
Suppose 3*j - 42*j = -2535. Suppose 2*s + 0*s = 18. Suppose 4*q = 5*x - 2*x + 40, -q + x = -s. Calculate the greatest common factor of j and q.
13
Suppose -2*d = 4*s - 138, -4*d + 5*s + 163 + 87 = 0. Suppose 0 = d*z - 61*z - 8. What is the highest common factor of z and 5?
1
Suppose 0 = -5*b - 15, 5*j - 3*j - 28 = -4*b. Let o = 10 - j. Let l be (-206)/o + (-21)/35. Calculate the greatest common divisor of 4 and l.
4
Suppose -5*z + 5*s + 155 = 0, z - 4*z + 94 = -4*s. Suppose -5*f + w + 13 = -0*f, 0 = -3*f + 3*w + 3. Calculate the greatest common divisor of z and f.
3
Let o(j) = j + 19. Let m be o(-17). Suppose -8 = -m*k, -2*k - 27 = -t - 4*t. Calculate the highest common factor of 7 and t.
7
Suppose -1648*t + 1651*t = 960. Calculate the highest common factor of 10 and t.
10
Suppose 4*x + 4*i - 1284 = 0, 4*x - 32*i = -29*i + 1277. Let h(j) = 21*j - 2. Let m be h(2). What is the highest common divisor of x and m?
40
Let m(c) = -87*c - 10. Let n be m(-2). Calculate the greatest common divisor of n and 16.
4
Let q = -833 - -882. Calculate the greatest common divisor of q and 56.
7
Let v = -91 - -166. Suppose -110 - v = -d. What is the highest common divisor of d and 37?
37
Let j = 435 + -429. Let z be 4/(1/(1 + 0)). Suppose f = 4*o - 21, -z - 5 = -2*o + f. What is the highest common divisor of o and j?
6
Let r = -16 - -17. Suppose 4*v = -3*j + 7, 5*j - 24 = -v - r. Calculate the highest common factor of j and 40.
5
Let t(d) = d**2 - 6*d + 10. Let q be t(4). Suppose -3*p + 67 = 4*n, p + 2*p = -q*n + 35. What is the highest common divisor of n and 112?
16
Let k be (-66)/(-15)*(-245)/(-14). Let s be (k/(-14))/(1/(1*-2)). What is the greatest common factor of 1 and s?
1
Let h = -231 - -265. What is the greatest common factor of h and 18?
2
Let u(m) = m**2 + 7*m - 44. Let a be u(-23). What is the highest common divisor of 108 and a?
108
Let d(h) be the third derivative of 7*h**5/60 - 5*h**4/24 + h**3/3 + 12*h**2. Let o be d(3). Calculate the highest common factor of 10 and o.
10
Let w be -1 - (3 - 5*-2). Let t be w/(-63) - (-16)/9. Let r = 6 - 4. Calculate the greatest common divisor of t and r.
2
Suppose 6*l + 3*l = 13005. What is the highest common factor of l and 85?
85
Suppose 0*g = -2*g - 4*w + 22, 5*g + 4*w = 31. Suppose 0*k = g*k - 9. Suppose -o = 4*v + o - 86, v - o = 20. What is the highest common divisor of k and v?
3
Let l be (-100)/900 + (-1)/((-9)/1261). What is the highest common divisor of l and 80?
20
Let g = 372 - 188. Let o = 206 - g. Suppose 42 = -5*a + 207. What is the highest common divisor of o and a?
11
Let z(h) = -h + 7. Let t be z(-7). Suppose 4*m - 14 = t. Let r(q) = q**2 + q + 1. Let f be r(-3). What is the highest common divisor of f and m?
7
Let t(k) = 6*k + 9. Let o be t(9). Let s(w) = 4*w**2 + 69*w - 12. Let b be s(-18). What is the greatest common divisor of b and o?
21
Suppose -4*y = y - 20. Suppose 0 = -5*s + o + 4*o + 10, 2*o - 26 = -y*s. What is the greatest common divisor of 40 and s?
5
Let l be (-1)/(1/(-3)) - -2. Suppose 0 = -4*x + 4*j - 8, -3*j + 1 + 13 = l*x. Let m be x/4 - 259/(-4). Calculate the greatest common factor of m and 13.
13
Suppose u + 9 - 13 = 0. Let p = u + -4. Let t be -3*(p + -9) - 1. What is the greatest common factor of t and 39?
13
Suppose 44 = 5*b - 66. Suppose -11 + 1 = r. Let f = r + b. What is the greatest common divisor of f and 132?
12
Let y = -1675 + 1827. What is the highest common divisor of 209 and y?
19
Suppose -3*t - 70 = -8*t. What is the greatest common factor of 54 and t?
2
Suppose c - 6*c = 0. Suppose 2*h - 6 = c, 2*r + 2*r - 5*h = 13. Let z(t) = -t + 8. Let w be z(r). What is the greatest common divisor of 8 and w?
1
Let o = 449 - 273. Calculate the highest common divisor of 22 and o.
22
Suppose -4*c + 2*a - 87 = -3*a, 3*a = -15. Let k be 42/c - (-79)/2. What is the greatest common factor of 95 and k?
19
Suppose -16*q = -13*q - 87. What is the greatest common divisor of 609 and q?
29
Suppose -102 = -4*m + 2*m. Let b be (-172)/(-10) + -6 + (-29)/(-5). What is the highest common factor of b and m?
17
Suppose 5*b + 28 = b. Let i = -2 - b. Let t = 6 + i. What is the highest common factor of 77 and t?
11
Suppose 0*g + 4 = -g, 5*g = -5*x + 20. Let q(s) = -s + 16. Let a = 3 - -5. Let k be q(a). Calculate the greatest common divisor of k and x.
8
Let a = -37 + -1. Let k = a - -23. Let l = k - -32. Calculate the greatest common factor of 136 and l.
17
Let y(o) = o**3 + 21*o**2 + 66*o - 32. Let w be y(-13). What is the highest common divisor of 308 and w?
154
Let o(z) = -107*z + 15. Let r be o(0). Calculate the greatest common factor of 615 and r.
15
Suppose 4*x + 4 = -144. Let b = -7 - x. Suppose -5*r - 5*y + b = 0, -2*r - 3*y = 3*r - 38. Calculate the highest common factor of 20 and r.
10
Let t be (2200/(-66))/((-2)/6). Let q = t + -87. Calculate the highest common factor of q and 91.
13
Let s be (36 - 35)/(1/(1*6995)). Let y be s/25 - 8/10. What is the greatest common factor of y and 31?
31
Let v = 140 + -137. Suppose v*c + 2*c = 4*a - 1, -3*a + 4*c = 0. What is the highest common divisor of 1 and a?
1
Suppose -177 = -3*q - 4*i, -11*i = -q - 7*i + 43. Let y = 6 - -9. Suppose -6*b = -3*b - y. Calculate the greatest common divisor of b and q.
5
Let t be 9/(2 + (-12)/8). Let s be 18 + 0*4/(4 + 0). What is the highest common divisor of s and t?
18
Let r(s) = -s**2 + 14*s + 25. Let d be r(15). Let q(t) = t**2 - 8*t + 8. Let o be q(d). What is the greatest common factor of o and 168?
28
Suppose 3*g = 6*g - 6, 4*t + 4*g - 88 = 0. What is the highest common divisor of 16 and t?
4
Suppose 4*z - 385 = -z. Suppose 12 - 34 = -2*p. Calculate the highest common factor of p and z.
11
Suppose 642 = 5*x - 2*s - 323, -2*x - 2*s + 400 = 0. Calculate the highest common factor of x and 260.
65
Let l be 10/(-3)*(1 + -4). Let q = -9 - -13. Suppose 0 = -6*j + q*j + l. Calculate the highest common factor of j and 10.
5
Let z(g) = 65*g - 4. Let x be z(7). Calculate the greatest common factor of 41 and x.
41
Suppose 9*i - 4*i - 180 = 0. Let t(q) = 15 + 69*q + 69*q - 133*q. Let s be t(15). Calculate the highest common factor of s and i.
18
Let w = 2036 + -1331. What is the greatest common divisor of 30 and w?
15
Let w be (-6)/(-5)*((-22050)/27)/(-35). Let i = -9 + 23. What is the highest common divisor of w and i?
14
Suppose -1467 = -3*k - 3*y, 5*y - 123 = -3*k + 1350. Calculate the greatest common factor of k and 54.
54
Let h be 16 + 2 + 0 + -2. Let v(d) = -7*d + 1. Let q be v(-1). Let z be 38/q + (-39)/52. Calculate the greatest common factor of h and z.
4
Let l(v) = 4*v - 6. Let x be l(9). Suppose -2*s - 235 = -3*y, 16 = 3*y + 3*s - 194. What is the greatest common factor of x and y?
15
Suppose -27 = -2*n - 9. Let s be 2/n - 52/(-9). What is the greatest common divisor of s and 8?
2
Suppose 0 = a - 9 - 61. Suppose -10 = -3*c + 5*x, 3*c + 169 - 219 = -5*x. What is the highest common divisor of a and c?
10
Let g(k) = 16*k